s the highest common divisor of 15 and 12266955?
15
What is the highest common factor of 588 and 668292?
12
What is the highest common divisor of 2426748 and 288?
12
What is the highest common factor of 593488 and 329?
7
Calculate the highest common divisor of 40098 and 60926.
82
Calculate the highest common factor of 1465 and 439445.
5
What is the greatest common factor of 25410 and 29610?
210
Calculate the highest common factor of 1305 and 168408945.
1305
What is the greatest common factor of 4080 and 109584?
48
What is the highest common divisor of 115652817 and 1197?
63
What is the highest common divisor of 41692938 and 28?
14
Calculate the highest common divisor of 208 and 28438.
2
What is the greatest common divisor of 118416 and 3056?
16
Calculate the highest common divisor of 22 and 91242206.
22
Calculate the highest common factor of 86136 and 284160.
888
Calculate the greatest common factor of 31762 and 98.
2
What is the highest common factor of 50779 and 288405?
493
What is the highest common factor of 9672 and 102141156?
4836
What is the highest common factor of 6 and 1236498?
6
What is the greatest common factor of 40775 and 62860?
35
What is the highest common factor of 4 and 331916378?
2
Calculate the greatest common factor of 414 and 2767635333.
207
What is the highest common divisor of 3176 and 164331004?
1588
What is the highest common divisor of 176976 and 4176?
144
What is the highest common divisor of 335985 and 297960?
195
Calculate the highest common divisor of 75950 and 621550.
1550
What is the highest common factor of 70855 and 64414855?
1915
What is the greatest common factor of 1447540 and 11903020?
9220
What is the greatest common divisor of 7541972 and 60079?
823
Calculate the highest common factor of 1040875 and 273625.
1375
What is the greatest common factor of 6050 and 73619425?
3025
What is the highest common factor of 304 and 1371857?
19
Calculate the highest common factor of 361570793 and 134.
67
What is the highest common divisor of 18025 and 89825?
25
Calculate the greatest common divisor of 711558 and 6912.
54
Calculate the greatest common factor of 83888 and 173656.
392
What is the greatest common divisor of 1545 and 2843727?
309
What is the highest common factor of 8976975 and 39?
3
What is the highest common factor of 5760 and 159121440?
1440
Calculate the greatest common divisor of 847318 and 3688.
922
Calculate the greatest common divisor of 13396155 and 15159.
489
Calculate the highest common divisor of 907360 and 3120.
80
Calculate the highest common divisor of 95648 and 5016032.
1568
Calculate the greatest common factor of 1243551 and 4179.
597
Calculate the greatest common divisor of 41139 and 63166649.
4571
Calculate the greatest common divisor of 645 and 842886.
129
What is the greatest common divisor of 14492753 and 121?
11
What is the highest common factor of 2973165 and 169?
13
What is the highest common divisor of 6307968 and 3840?
384
What is the greatest common divisor of 1225 and 809116?
7
Calculate the highest common factor of 181 and 1073217599.
181
What is the highest common divisor of 477 and 198117?
9
What is the greatest common factor of 2573 and 910687?
31
Calculate the greatest common factor of 10875 and 29098455.
435
What is the highest common divisor of 47979 and 435861?
27
Calculate the greatest common factor of 118 and 5081906.
118
Calculate the highest common factor of 27494 and 957863.
233
Calculate the greatest common divisor of 4343958 and 140248.
746
What is the highest common factor of 764511 and 1584?
33
What is the highest common divisor of 2538705 and 1380?
15
What is the greatest common divisor of 22 and 1057646?
2
Calculate the greatest common factor of 44805 and 1123730.
515
What is the highest common factor of 1252 and 32380163?
313
Calculate the greatest common factor of 4304311 and 8459.
11
Calculate the highest common factor of 76649826 and 17622.
5874
What is the greatest common divisor of 123192 and 5916?
348
What is the highest common factor of 798 and 25132002?
42
What is the greatest common divisor of 700 and 651975?
25
Calculate the greatest common factor of 3123 and 283648557.
1041
Calculate the highest common divisor of 2570970 and 1806.
258
Calculate the greatest common divisor of 540 and 13558212.
108
What is the greatest common factor of 1001924 and 4103?
11
Calculate the highest common factor of 15480 and 13228520.
1720
Calculate the highest common factor of 440586 and 10484315.
8159
What is the greatest common divisor of 2568 and 1156242?
642
Calculate the highest common divisor of 4 and 1742077.
1
What is the greatest common factor of 798436 and 4324?
188
What is the highest common factor of 16738465 and 73805?
2545
What is the highest common factor of 324 and 196865883?
81
Calculate the greatest common divisor of 333276184 and 61.
61
Calculate the highest common factor of 4842 and 556561.
269
Calculate the highest common factor of 10 and 122313890.
10
What is the greatest common divisor of 3737624 and 17512?
88
What is the highest common divisor of 2 and 613365?
1
Calculate the greatest common factor of 10520576 and 934.
934
Calculate the highest common divisor of 7719 and 16932.
249
Calculate the highest common factor of 28927775 and 50.
25
Calculate the greatest common divisor of 267397365 and 6492.
1623
Calculate the greatest common factor of 35695218 and 7176.
1794
What is the highest common factor of 688112 and 36076?
116
What is the greatest common divisor of 484013 and 139644?
431
What is the highest common factor of 426627 and 847044?
621
Calculate the highest common divisor of 25472 and 82048.
128
Calculate the highest common divisor of 3 and 172460777.
1
Calculate the greatest common factor of 45780 and 363012.
12
What is the greatest common factor of 2186 and 24836239?
1093
What is the highest common divisor of 8099 and 161889?
91
What is the greatest common factor of 19047 and 1159232165?
6349
Calculate the greatest common divisor of 438 and 15792747.
219
What is the greatest common divisor of 772640 and 6240?
160
What is the highest common divisor of 54408386 and 276?
46
What is the greatest common divisor of 88 and 2161846148?
44
Calculate the highest common divisor of 1496 and 20472199.
187
What is the greatest common divisor of 12213 and 4354659?
207
What is the highest common divisor of 17467736 and 176?
88
What is the highest common divisor of 1698082 and 227174?
194
What is the highest common factor of 36 and 475874829?
9
Calculate the greatest common divisor of 1446 and 3921.
3
Calculate the highest common divisor of 205907589 and 54.
27
What is the greatest common divisor of 31968 and 15687?
27
Calculate the highest common divisor of 78384 and 104466.
138
What is the highest common divisor of 15216 and 2022?
6
What is the greatest common divisor of 3820 and 3030740?
20
Calculate the highest common factor of 46722728 and 2092.
2092
Calculate the highest common divisor of 614895439 and 116.
29
What is the highest common factor of 189204 and 15888?
12
What is the highest common factor of 1120 and 6452740?
140
What is the highest common factor of 6055 and 9205?
35
Calculate the greatest common factor of 98 and 208789.
49
What is the highest common factor of 157071808 and 3616?
3616
What is the highest common factor of 210 and 5772590?
10
Calculate the greatest common divisor of 4878 and 6496683.
813
What is the highest common divisor of 2883 and 347166055?
961
What is the greatest common factor of 17792 and 158738?
278
Calculate the highest common divisor of 788087737 and 4533.
1511
Calculate the highest common divisor of 186468742 and 692.
346
What is the highest common factor of 1088 and 27818324?
68
Calculate the highest common factor of 156280014 and 1601.
1601
What is the highest common factor of 4224 and 104336?
16
Calculate the greatest common factor of 133253784 and 18.
18
Calculate the greatest common factor of 203281 and 8151815.
823
Calculate the greatest common factor of 8441 and 6419197.
367
Calculate the highest common factor of 30448 and 698228.
692
What is the highest common factor of 18326 and 1387914?
374
Calculate the highest common factor of 520529303 and 49.
49
What is the highest common factor of 1158168